m?
15
Let i be (-20)/3*6*-18. Suppose 0 = -o - 4*o + i. What is the highest common factor of 16 and o?
16
Suppose -i + 56 = 3*i. Let c be ((-270)/21)/((-2)/i). Suppose 10 = 3*z - 35. Calculate the highest common divisor of c and z.
15
Let x(r) = 2*r + 2. Let y be x(-2). Let o be 14/3 - y/(-3). Let s be 14/(-3)*6/(-7). Calculate the greatest common factor of o and s.
4
Let b = 16 - 12. Let i(t) = -t**3 - 8*t**2 - 7*t + 7. Let o be i(-6). Let j = o + 59. What is the greatest common factor of j and b?
4
Suppose -4*q - 194 = -2*z, q + 4*q = -5. Suppose 2*f = 4*l + 134, 3*f = 5*l + 104 + z. Calculate the greatest common factor of f and 21.
21
Let s be (-1)/(-4) - (-46)/8. Let f = -8 - -14. Calculate the highest common divisor of f and s.
6
Let t be 1/(-4) + 113/4. Let n be (-4)/1 - (-9 + -1). Suppose -398 - 22 = -n*r. Calculate the highest common factor of t and r.
14
Suppose -3*r - 6 = 0, 0 = -4*p - 2*r + 2 - 6. Suppose -5*n + 7 + 3 = p. Let q be (8/5)/(10/75). What is the highest common divisor of n and q?
2
Suppose 1 = -2*h + 3*h + 4*k, -4*h + 4 = -2*k. Let r = -7 - -32. Let z = r - 14. Calculate the highest common factor of h and z.
1
Suppose 0*f + 5*h = 2*f - 7, 0 = -2*h - 2. Suppose 3*s + f = -14, 75 = 5*g - 5*s. Suppose g = 5*l - 4*l. Calculate the highest common factor of 90 and l.
10
Let i(r) = -2*r + 4. Let t = -7 + 4. Let d be i(t). Calculate the greatest common divisor of d and 10.
10
Suppose 0 = -4*l - 3*m + 32 + 19, 20 = 4*m. Calculate the highest common divisor of l and 18.
9
Let a be (-2)/(-5) - (-39)/15. Suppose 0 = -t + u + 2, -a*u = -t - 0*t - 4. Let i be 0 + 11/(11/40). What is the greatest common factor of i and t?
5
Suppose -3*q - q = 0. Let p be q + 1 + 1 + 52. Calculate the highest common divisor of p and 18.
18
Let a be (84 - -1) + (6 - 4 - 3). Calculate the greatest common factor of a and 21.
21
Let a be (20 - 0)/((-1)/(-4)). What is the highest common divisor of 32 and a?
16
Let m be 2/(0 - 2/(-17)). Let d(o) = 5*o**3 + 3*o**2 - 2*o + 3. Let y be d(2). What is the greatest common divisor of y and m?
17
Let j be (14/(-35))/(3/(-90)). What is the greatest common divisor of 108 and j?
12
Suppose -9*s = -13*s + 460. What is the greatest common factor of s and 46?
23
Let y(j) = -4*j + 3 + 0 + 3*j + 0. Let n be y(-5). What is the greatest common divisor of n and 64?
8
Suppose n - 5 = -3. Suppose n*m - 10 = 12. What is the highest common factor of m and 55?
11
Suppose -h = -3*s - 5*h - 31, -s - 5*h = 3. Let f = s - -21. Suppose -f = -3*b - 2. What is the greatest common factor of b and 3?
1
Suppose 10*j = 2*j + 120. Calculate the highest common factor of j and 35.
5
Suppose 259 - 70 = 3*z. What is the highest common divisor of z and 7?
7
Let p be 62 - ((-30)/(-12) - (-3)/(-6)). What is the greatest common divisor of p and 160?
20
Let p be (-2 + 1)/(6/(-906)). Suppose -2*o - 4*x = -124, p = -0*o + 3*o - x. Let c be 1/(-1) - 2*-7. What is the highest common factor of o and c?
13
Let s be ((-1)/3)/((-2)/6). Let a = -19 + 1. Let f = a - -29. What is the highest common factor of f and s?
1
Let l = 158 - -10. Suppose b + 12*b = 273. What is the greatest common divisor of b and l?
21
Let x = -217 + 377. What is the highest common divisor of 20 and x?
20
Let d(k) = -k + 1. Let g be d(-4). Let c(p) = 7*p. Let u be c(g). What is the highest common divisor of u and 7?
7
Suppose 5*w = 34 - 14. What is the highest common divisor of w and 1?
1
Suppose -g + 0 = 1. Let a(v) = -22*v**3 + 2*v**2 + v. Let w be a(g). Calculate the highest common factor of 92 and w.
23
Let f(v) = 3*v - 6. Let z be f(8). What is the highest common divisor of z and 45?
9
Let x be 4/16 - 30/(-8). Suppose -5*t + x*o = -0*t - 27, 5*t + 2*o - 39 = 0. Calculate the highest common divisor of 63 and t.
7
Let p = -17 + 24. Let u = p - -3. Calculate the highest common factor of 4 and u.
2
Let b be (0 + 8/(-10))*10. Let u = 1 - b. Let z be -5*1*u/(-5). What is the highest common factor of z and 18?
9
Let s be (1 - (-33)/(-12))*-4. What is the greatest common divisor of 63 and s?
7
Suppose -4*n - 11 = -q, -2*q - 5*n - 12 = -3*q. Let r be -12*1/((-4)/q). Calculate the highest common divisor of r and 63.
21
Suppose -64 = -6*f + 3*f - 4*j, 4*f = -2*j + 82. Let m be (-2)/(-6) + 123/9. Let h be 276/m + 4/14. Calculate the greatest common factor of f and h.
20
Let v(t) = -12*t - 3. Let i(x) = -11*x - 2. Let y(l) = 3*i(l) - 2*v(l). Let w be y(-1). Let g be 2/w + 212/18. What is the greatest common divisor of 108 and g?
12
Let a = 4 + 2. Suppose -2*p = 2*r + 4, 5*p - r = -4*r. Suppose 167 = 3*s + 5*h, 7*s = p*s - 5*h + 221. Calculate the highest common divisor of a and s.
6
Let t(s) = 3*s + 9. Let u be t(9). Let r = 28 - 16. Calculate the greatest common divisor of r and u.
12
Let j = -8 - -4. Let l be ((-12)/18)/(j/798). Calculate the highest common factor of 19 and l.
19
Let n be (12/(-3) - -4) + 14. Suppose 4*k - 25 = 3. What is the greatest common divisor of n and k?
7
Let n be (-2 - -2) + (-88)/(-2). Suppose 4*v + v - 70 = 0. Suppose -2*l - 4*h + v = -2*h, 1 = -2*l + 3*h. What is the greatest common factor of l and n?
4
Suppose -3*x + 6*x - 12 = 0. Calculate the greatest common divisor of x and 2.
2
Suppose 4*n = 5*z - 151, -69 + 8 = -3*z - 5*n. Let p be (-315)/(-4) - (-3)/12. Let d be (-2)/(-9) + p/9. What is the highest common factor of d and z?
9
Let n be 2/(-4)*0 - -8. Let m(k) = -25*k**3 - k**2 - k - 1. Let i = -3 + 2. Let f be m(i). What is the highest common factor of n and f?
8
Let a = 74 + -63. Calculate the highest common divisor of 22 and a.
11
Suppose -4*k - 10 - 14 = 0. Let x be (-1)/(-3) + (-100)/k. Suppose -2*q - 338 = -4*f, 3*f - 3*q - 254 = -2*q. Calculate the highest common divisor of x and f.
17
Suppose 5*q + 0*w + 4*w = 1662, 3*w = 9. What is the highest common factor of 30 and q?
30
Suppose c - 9 - 19 = 0. Suppose 4*f - 12 - c = -4*b, 5*f + 4*b = 48. Calculate the highest common divisor of 56 and f.
8
Let y = -75 + 107. What is the highest common divisor of 4 and y?
4
Let m be (-1)/(-4) - (-395)/20. Calculate the highest common divisor of 220 and m.
20
Let a be (-93)/12 + (-6)/(-8). Let n be (22*1)/(-5 - a). Suppose 0 = -4*g + 67 - n. What is the greatest common divisor of g and 28?
14
Suppose -n + 2*j - 19 = -2*n, -j + 57 = 3*n. Calculate the highest common factor of 152 and n.
19
Let r = 71 - 43. Calculate the highest common divisor of r and 7.
7
Let z(v) = -v**2 - 5*v + 16. Let a be z(-7). What is the greatest common factor of 1 and a?
1
Suppose t + 6*k - k - 13 = 0, 3 = -t + 3*k. Let u = 18 - t. Let v(l) = 7*l - 51. Let w be v(8). Calculate the highest common divisor of u and w.
5
Let g(w) = -2*w + 7. Let t be g(-4). What is the highest common divisor of t and 5?
5
Let s(t) = -14*t - 14. Let z be s(-4). Let f be 12/1*(-14)/(-6). Calculate the greatest common factor of z and f.
14
Let x be -38*((-33)/(-6))/(-1). Suppose -f = -0*f - 19. Calculate the highest common factor of x and f.
19
Let y = -11 - -12. Suppose -7 = -2*r + y. Calculate the greatest common divisor of 44 and r.
4
Let m = -20 - -25. Suppose -m*t - 266 = -4*k, -3*k - 2*t - 3 = -214. What is the greatest common factor of k and 23?
23
Let h = -13 - -15. What is the greatest common divisor of 10 and h?
2
Let h(f) = f + 119. Let r be h(0). What is the highest common factor of r and 17?
17
Let o be -4*4/((-64)/44). Calculate the highest common factor of 99 and o.
11
Let n be (42/12)/((-1)/(-2)). Suppose 4*b + n*k = 2*k + 95, 0 = -4*k - 20. What is the highest common divisor of 12 and b?
6
Let n(m) = -2*m - 9. Let t be n(-6). Let o = 6 - t. Suppose -2*k = o*k - 165. Calculate the greatest common factor of k and 3.
3
Let m(n) be the third derivative of 5*n**4/24 + n**2. Let d be m(6). Calculate the greatest common divisor of 15 and d.
15
Let m = -52 - -94. Suppose 0 = j + 2*j + 12. Let o = 2 - j. What is the greatest common factor of o and m?
6
Let t = 16 + -2. Calculate the greatest common factor of 14 and t.
14
Let o(t) = t**2 - 3*t - 4. Let g be o(5). What is the highest common divisor of g and 66?
6
Let c = 1 + 47. Suppose 0 = 2*k + 3*k - 60. What is the highest common divisor of c and k?
12
Suppose -5*z + 656 = -369. Calculate the highest common divisor of z and 82.
41
Suppose 28 + 52 = 2*b.